{"id":11,"date":"2019-07-24T13:48:14","date_gmt":"2019-07-24T13:48:14","guid":{"rendered":"http:\/\/peopleandspomeniks.com\/?page_id=11"},"modified":"2019-08-15T11:55:00","modified_gmt":"2019-08-15T11:55:00","slug":"impressum","status":"publish","type":"page","link":"https:\/\/peopleandspomeniks.com\/?page_id=11","title":{"rendered":"Impressum\/Imprint"},"content":{"rendered":"\n<p> Medieninhaber und Redaktion:<br> Kristina Koch <\/p>\n\n\n\n<p> Mediensitz:<br> 50733 K\u00f6ln <\/p>\n\n\n\n<p> Kontakt:<br> kk@kristina-koch.com<\/p>\n\n\n\n<p>Webdesign:<br>Ina Kalvelage | B\u00fcro f\u00fcr visuelle Kommunikation<br>Krefelder Stra\u00dfe 7 | 50670 K\u00f6ln<br>+49 (0) 221\u00a029 42 67 66 | hallo@inakalvelage.de<br><br>Theme: <br>Chosen by wordpress.com<\/p>\n","protected":false},"excerpt":{"rendered":"<p>Medieninhaber und Redaktion: Kristina Koch Mediensitz: 50733 K\u00f6ln Kontakt: kk@kristina-koch.com Webdesign:Ina Kalvelage | B\u00fcro f\u00fcr visuelle KommunikationKrefelder Stra\u00dfe 7 | 50670 K\u00f6ln+49 (0) 221\u00a029 42 67 66 | hallo@inakalvelage.de Theme: Chosen by wordpress.com<\/p>\n","protected":false},"author":1,"featured_media":0,"parent":0,"menu_order":0,"comment_status":"closed","ping_status":"closed","template":"","meta":{"footnotes":""},"class_list":["post-11","page","type-page","status-publish","hentry","entry"],"_links":{"self":[{"href":"https:\/\/peopleandspomeniks.com\/index.php?rest_route=\/wp\/v2\/pages\/11"}],"collection":[{"href":"https:\/\/peopleandspomeniks.com\/index.php?rest_route=\/wp\/v2\/pages"}],"about":[{"href":"https:\/\/peopleandspomeniks.com\/index.php?rest_route=\/wp\/v2\/types\/page"}],"author":[{"embeddable":true,"href":"https:\/\/peopleandspomeniks.com\/index.php?rest_route=\/wp\/v2\/users\/1"}],"replies":[{"embeddable":true,"href":"https:\/\/peopleandspomeniks.com\/index.php?rest_route=%2Fwp%2Fv2%2Fcomments&post=11"}],"version-history":[{"count":4,"href":"https:\/\/peopleandspomeniks.com\/index.php?rest_route=\/wp\/v2\/pages\/11\/revisions"}],"predecessor-version":[{"id":100,"href":"https:\/\/peopleandspomeniks.com\/index.php?rest_route=\/wp\/v2\/pages\/11\/revisions\/100"}],"wp:attachment":[{"href":"https:\/\/peopleandspomeniks.com\/index.php?rest_route=%2Fwp%2Fv2%2Fmedia&parent=11"}],"curies":[{"name":"wp","href":"https:\/\/api.w.org\/{rel}","templated":true}]}}