{"id":9,"date":"2019-07-24T13:46:27","date_gmt":"2019-07-24T13:46:27","guid":{"rendered":"http:\/\/peopleandspomeniks.com\/?page_id=9"},"modified":"2020-03-24T18:23:43","modified_gmt":"2020-03-24T18:23:43","slug":"kontakt","status":"publish","type":"page","link":"https:\/\/peopleandspomeniks.com\/?page_id=9","title":{"rendered":"Kontakt"},"content":{"rendered":"\n<p>For inquires about cooperations, exhibitions, reporting or purchase:<br>kk@kristina-koch.com<br>Florastra\u00dfe 66<br>50733 K\u00f6ln \/ Cologne<br>Germany<\/p>\n\n\n\n<p>HAFTUNGSAUSSCHLUSS \/ DISCLAIMER<br>Trotz sorgf\u00e4ltiger inhaltlicher Kontrolle \u00fcbernehme ich keine Haftung f\u00fcr die Inhalte externer Links. F\u00fcr den Inhalt der verlinkten Seiten sind ausschlie\u00dflich deren Betreiber verantwortlich.<\/p>\n\n\n\n<p>URHEBERRECHT<br>Inhalte und Gestaltung dieser Seiten sind urheberrechtlich gesch\u00fctzt. Es steht Ihnen frei, einzelne Fotos oder Textausz\u00fcge f\u00fcr die Berichterstattung oder den \u00f6ffentlichen Diskurs, z. B. in Blogs oder NICHTkommerziellen Online-Magazinen, zu nutzen.<br>Die \u00fcblichen Regeln des Zitierens im Netz sind zu beachten (korrekte Namensnennung, Backlink und Email-Benachrichtigung). Jede dar\u00fcber hinausgehende Nutzung bedarf der schriftlichen Zustimmung der Urheber.<br>Wenn Sie Material von diesen Seiten verwenden m\u00f6chten, nehmen Sie mit mir Kontakt auf.<\/p>\n\n\n\n<p>\u00a9 f\u00fcr alle Texte (soweit nicht anders ausgewiesen) und Bilder: Kristina Koch <\/p>\n\n\n\n<p>DATENSCHUTZ<br>Diese Seite erhebt keine personenbezogenen Daten.<\/p>\n","protected":false},"excerpt":{"rendered":"<p>For inquires about cooperations, exhibitions, reporting or purchase:kk@kristina-koch.comFlorastra\u00dfe 6650733 K\u00f6ln \/ CologneGermany HAFTUNGSAUSSCHLUSS \/ DISCLAIMERTrotz sorgf\u00e4ltiger inhaltlicher Kontrolle \u00fcbernehme ich keine Haftung f\u00fcr die Inhalte externer Links. F\u00fcr den Inhalt der verlinkten Seiten sind ausschlie\u00dflich deren Betreiber verantwortlich. URHEBERRECHTInhalte und Gestaltung dieser Seiten sind urheberrechtlich gesch\u00fctzt. Es steht Ihnen frei,&#8230;<\/p>\n<div class=\"more-link-wrapper\"><a class=\"more-link\" href=\"https:\/\/peopleandspomeniks.com\/?page_id=9\">Weiterlesen<span class=\"screen-reader-text\">Kontakt<\/span><\/a><\/div>\n","protected":false},"author":1,"featured_media":0,"parent":0,"menu_order":0,"comment_status":"closed","ping_status":"closed","template":"","meta":{"footnotes":""},"class_list":["post-9","page","type-page","status-publish","hentry","entry"],"_links":{"self":[{"href":"https:\/\/peopleandspomeniks.com\/index.php?rest_route=\/wp\/v2\/pages\/9"}],"collection":[{"href":"https:\/\/peopleandspomeniks.com\/index.php?rest_route=\/wp\/v2\/pages"}],"about":[{"href":"https:\/\/peopleandspomeniks.com\/index.php?rest_route=\/wp\/v2\/types\/page"}],"author":[{"embeddable":true,"href":"https:\/\/peopleandspomeniks.com\/index.php?rest_route=\/wp\/v2\/users\/1"}],"replies":[{"embeddable":true,"href":"https:\/\/peopleandspomeniks.com\/index.php?rest_route=%2Fwp%2Fv2%2Fcomments&post=9"}],"version-history":[{"count":8,"href":"https:\/\/peopleandspomeniks.com\/index.php?rest_route=\/wp\/v2\/pages\/9\/revisions"}],"predecessor-version":[{"id":278,"href":"https:\/\/peopleandspomeniks.com\/index.php?rest_route=\/wp\/v2\/pages\/9\/revisions\/278"}],"wp:attachment":[{"href":"https:\/\/peopleandspomeniks.com\/index.php?rest_route=%2Fwp%2Fv2%2Fmedia&parent=9"}],"curies":[{"name":"wp","href":"https:\/\/api.w.org\/{rel}","templated":true}]}}